s the remainder when 232 is divided by 51?
28
What is the remainder when 400 is divided by 388?
12
What is the remainder when 8415 is divided by 61?
58
Calculate the remainder when 1290 is divided by 68.
66
Calculate the remainder when 387 is divided by 26.
23
Calculate the remainder when 1290 is divided by 108.
102
Calculate the remainder when 238 is divided by 61.
55
Calculate the remainder when 87 is divided by 80.
7
What is the remainder when 952 is divided by 201?
148
Calculate the remainder when 80 is divided by 47.
33
Calculate the remainder when 463 is divided by 36.
31
What is the remainder when 287 is divided by 18?
17
Calculate the remainder when 1403 is divided by 88.
83
What is the remainder when 6736 is divided by 27?
13
Calculate the remainder when 1832 is divided by 16.
8
Calculate the remainder when 7006 is divided by 171.
166
Calculate the remainder when 398 is divided by 67.
63
Calculate the remainder when 366 is divided by 16.
14
Calculate the remainder when 123 is divided by 18.
15
Calculate the remainder when 692 is divided by 692.
0
What is the remainder when 1018 is divided by 20?
18
What is the remainder when 210 is divided by 204?
6
What is the remainder when 6713 is divided by 10?
3
Calculate the remainder when 65 is divided by 31.
3
Calculate the remainder when 39 is divided by 18.
3
What is the remainder when 481 is divided by 81?
76
What is the remainder when 82 is divided by 10?
2
Calculate the remainder when 413 is divided by 79.
18
Calculate the remainder when 357 is divided by 121.
115
Calculate the remainder when 16677 is divided by 15.
12
Calculate the remainder when 899 is divided by 50.
49
Calculate the remainder when 736 is divided by 129.
91
Calculate the remainder when 107 is divided by 74.
33
What is the remainder when 282 is divided by 100?
82
What is the remainder when 139 is divided by 136?
3
What is the remainder when 96 is divided by 54?
42
What is the remainder when 1622 is divided by 4?
2
Calculate the remainder when 2070 is divided by 295.
5
Calculate the remainder when 599 is divided by 25.
24
Calculate the remainder when 18 is divided by 2.
0
Calculate the remainder when 682 is divided by 5.
2
Calculate the remainder when 524 is divided by 273.
251
What is the remainder when 12553 is divided by 45?
43
Calculate the remainder when 303 is divided by 76.
75
Calculate the remainder when 3329 is divided by 15.
14
What is the remainder when 3343 is divided by 37?
13
Calculate the remainder when 892 is divided by 16.
12
What is the remainder when 69 is divided by 2?
1
Calculate the remainder when 107 is divided by 46.
15
Calculate the remainder when 5497 is divided by 13.
11
What is the remainder when 180 is divided by 13?
11
Calculate the remainder when 915 is divided by 310.
295
What is the remainder when 818 is divided by 24?
2
Calculate the remainder when 555 is divided by 28.
23
Calculate the remainder when 3594 is divided by 33.
30
What is the remainder when 470 is divided by 59?
57
Calculate the remainder when 442 is divided by 108.
10
What is the remainder when 202 is divided by 5?
2
What is the remainder when 6122 is divided by 28?
18
Calculate the remainder when 507 is divided by 85.
82
What is the remainder when 1793 is divided by 72?
65
Calculate the remainder when 233 is divided by 118.
115
Calculate the remainder when 2384 is divided by 6.
2
What is the remainder when 1145 is divided by 568?
9
Calculate the remainder when 389 is divided by 78.
77
Calculate the remainder when 2279 is divided by 19.
18
Calculate the remainder when 741 is divided by 42.
27
What is the remainder when 3635 is divided by 65?
60
What is the remainder when 507 is divided by 128?
123
Calculate the remainder when 147 is divided by 10.
7
Calculate the remainder when 2066 is divided by 19.
14
Calculate the remainder when 6341 is divided by 52.
49
What is the remainder when 399 is divided by 31?
27
Calculate the remainder when 139 is divided by 71.
68
What is the remainder when 19 is divided by 1?
0
Calculate the remainder when 2863 is divided by 37.
14
What is the remainder when 3417 is divided by 15?
12
What is the remainder when 279 is divided by 73?
60
What is the remainder when 2918 is divided by 73?
71
What is the remainder when 182 is divided by 63?
56
What is the remainder when 10104 is divided by 266?
262
What is the remainder when 500 is divided by 214?
72
Calculate the remainder when 108 is divided by 47.
14
Calculate the remainder when 165 is divided by 12.
9
Calculate the remainder when 523 is divided by 50.
23
Calculate the remainder when 13636 is divided by 4544.
4
What is the remainder when 1130 is divided by 144?
122
Calculate the remainder when 887 is divided by 95.
32
Calculate the remainder when 2883 is divided by 13.
10
What is the remainder when 21 is divided by 7?
0
Calculate the remainder when 29 is divided by 8.
5
Calculate the remainder when 183 is divided by 24.
15
Calculate the remainder when 542 is divided by 29.
20
What is the remainder when 127 is divided by 16?
15
What is the remainder when 1633 is divided by 15?
13
Calculate the remainder when 386 is divided by 28.
22
Calculate the remainder when 1947 is divided by 55.
22
Calculate the remainder when 70 is divided by 6.
4
Calculate the remainder when 84 is divided by 40.
4
What is the remainder when 1537 is divided by 14?
11
What is the remainder when 365 is divided by 179?
7
What is the remainder when 118 is divided by 4?
2
Calculate the remainder when 87 is divided by 52.
35
Calculate the remainder when 146 is divided by 10.
6
Calculate the remainder when 3732 is divided by 6.
0
Calculate the remainder when 84 is divided by 2.
0
Calculate the remainder when 4027 is divided by 55.
12
Calculate the remainder when 602 is divided by 194.
20
Calculate the remainder when 98 is divided by 24.
2
Calculate the remainder when 1111 is divided by 548.
15
What is the remainder when 596 is divided by 290?
16
What is the remainder when 374 is divided by 23?
6
What is the remainder when 421 is divided by 33?
25
What is the remainder when 148 is divided by 25?
23
Calculate the remainder when 43 is divided by 7.
1
Calculate the remainder when 319 is divided by 64.
63
What is the remainder when 241 is divided by 27?
25
What is the remainder when 404 is divided by 137?
130
Calculate the remainder when 163 is divided by 38.
11
Calculate the remainder when 881 is divided by 55.
1
Calculate the remainder when 558 is divided by 287.
271
What is the remainder when 1278 is divided by 317?
10
What is the remainder when 539 is divided by 139?
122
Calculate the remainder when 393 is divided by 15.
3
Calculate the remainder when 4129 is divided by 59.
58
What is the remainder when 177 is divided by 93?
84
Calculate the remainder when 180 is divided by 30.
0
What is the remainder when 32 is divided by 7?
4
Calculate the remainder when 378 is divided by 19.
17
What is the remainder when 707 is divided by 346?
15
Calculate the remainder when 1011 is divided by 222.
123
What is the remainder when 400 is divided by 198?
4
Calculate the remainder when 91 is divided by 83.
8
Calculate the remainder when 21 is divided by 2.
1
What is the remainder when 715 is divided by 179?
178
Calculate the remainder when 393 is divided by 210.
183
What is the remainder when 990 is divided by 7?
3
Calculate the remainder when 94280 is divided by 17.
15
What is the remainder when 41 is divided by 15?
11
Calculate the remainder when 69 is divided by 40.
29
What is the remainder when 558 is divided by 187?
184
Calculate the remainder when 166 is divided by 73.
20
What is the remainder when 827 is divided by 104?
99
What is the remainder when 10132 is divided by 18?
16
What is the remainder when 12779 is divided by 1824?
11
What is the remainder when 1229 is divided by 44?
41
What is the remainder when 59 is divided by 31?
28
What is the remainder when 1503 is divided by 255?
228
Calculate the remainder when 67 is divided by 20.
7
Calculate the remainder when 11959 is divided by 92.
91
Calculate the remainder when 705 is divided by 39.
3
What is the remainder when 232 is divided by 16?
8
Calculate the remainder when 2050 is divided by 114.
112
Calculate the remainder when 597 is di